{"id":144,"date":"2024-02-22T13:38:25","date_gmt":"2024-02-22T13:38:25","guid":{"rendered":"https:\/\/innovopq.com\/tienda\/?post_type=product&#038;p=144"},"modified":"2024-03-21T15:29:27","modified_gmt":"2024-03-21T15:29:27","slug":"impresora-fiscal-aclas-pp9-plus","status":"publish","type":"product","link":"https:\/\/innovopq.com\/tienda\/producto\/impresora-fiscal-aclas-pp9-plus\/","title":{"rendered":"Impresora Fiscal <br> Aclas PP9 Plus"},"content":{"rendered":"<p>La impresora fiscal PP9-PLUS es un equipo de impresi\u00f3n t\u00e9rmica ideal para peque\u00f1os y medianos negocios debido a su competitivo precio y a su dise\u00f1o compacto, que garantiza la comodidad de los usuarios y facilita las transacciones fiscales.<\/p>\n<p>Como destacada ventaja competitiva, esta impresora posee una soluci\u00f3n integrada de comunicaci\u00f3n que transmite los datos contenidos en la memoria fiscal v\u00eda WiFi; adem\u00e1s tiene la opci\u00f3n de conexi\u00f3n inal\u00e1mbrica Bluetooth\u00a0 para la comunicaci\u00f3n con sistemas de facturaci\u00f3n, mayor velocidad de impresi\u00f3n y una bater\u00eda interna de respaldo, en caso de fallas del suministro el\u00e9ctrico.<\/p>\n<p>Este equipo cumple con las regulaciones de ley establecidas por el SENIAT para m\u00e1quinas fiscales bajo la Providencia Administrativa N\u00b0 SNAT\/2018\/0141 de fecha 16 de Octubre 2018.<\/p>\n<p>&nbsp;<\/p>\n<p><strong>Especificaciones t\u00e9cnicas<\/strong><\/p>\n<table border=\"0\">\n<tbody>\n<tr>\n<td>\n<table border=\"0\">\n<tbody>\n<tr>\n<td><strong>M\u00e9todo de Impresi\u00f3n:<\/strong><\/td>\n<td>Impresora lineal t\u00e9rmica directa.<\/td>\n<\/tr>\n<tr>\n<td><strong>Velocidad de Impresi\u00f3n:<\/strong><\/td>\n<td>150 mm\/s (mil\u00edmetros por segundo).<\/td>\n<\/tr>\n<tr>\n<td><strong>Resoluci\u00f3n:<\/strong><\/td>\n<td>8<strong>\u00a0<\/strong>pts\/mm horizontal y vertical 384 pts\/mm.<\/td>\n<\/tr>\n<tr>\n<td><strong>Peso:<\/strong><\/td>\n<td>1.60 Kg (sin rollo).<\/td>\n<\/tr>\n<tr>\n<td><strong>Dimensiones:<\/strong><\/td>\n<td>224 x 138 x 137 mm.<\/td>\n<\/tr>\n<tr>\n<td><strong>Papel t\u00e9rmico:<\/strong><\/td>\n<td>80mm de ancho.<\/td>\n<\/tr>\n<tr>\n<td><strong>Alimentaci\u00f3n Externa:<\/strong><\/td>\n<td>13.8 Vcc 2.5 A.<\/td>\n<\/tr>\n<tr>\n<td><strong>Memoria Fiscal:<\/strong><\/td>\n<td>2000 reportes Z.<\/td>\n<\/tr>\n<tr>\n<td><strong>Memoria de Auditor\u00eda:<\/strong><\/td>\n<td>2GB.<\/td>\n<\/tr>\n<tr>\n<td><strong>Memoria de Trabajo:<\/strong><\/td>\n<td>16 Mbit (Megabits).<\/td>\n<\/tr>\n<tr>\n<td><strong>Puertos:<\/strong><\/td>\n<td>2 Conectores RJ11 y 1 USB Tipo B<\/td>\n<\/tr>\n<tr>\n<td><\/td>\n<td>\n<ul>\n<li>Gaveta.<\/li>\n<\/ul>\n<\/td>\n<\/tr>\n<tr>\n<td><\/td>\n<td>\n<ul>\n<li>PC RJ11 o Display.<\/li>\n<\/ul>\n<\/td>\n<\/tr>\n<tr>\n<td><\/td>\n<td>\n<ul>\n<li>PC USB Tipo B.<\/li>\n<\/ul>\n<\/td>\n<\/tr>\n<tr>\n<td>Rasgado manual de papel.<\/td>\n<td><\/td>\n<\/tr>\n<tr>\n<td>Panel de frontal con dos LEDs indicadores de estado y un bot\u00f3n de alimentaci\u00f3n de papel.<\/td>\n<td><\/td>\n<\/tr>\n<tr>\n<td>Generaci\u00f3n de facturas, notas de cr\u00e9dito, notas de d\u00e9bito y documentos no fiscales.<\/td>\n<td><\/td>\n<\/tr>\n<tr>\n<td>Impresi\u00f3n de logos gr\u00e1ficos, c\u00f3digos de Barra (1D y 2D).<\/td>\n<td><\/td>\n<\/tr>\n<tr>\n<td>Manejo de 30 cajeros<\/td>\n<td><\/td>\n<\/tr>\n<tr>\n<td>Maneja 24 medios de pagos.<\/td>\n<td><\/td>\n<\/tr>\n<tr>\n<td>8 l\u00edneas de encabezado<\/td>\n<td><\/td>\n<\/tr>\n<tr>\n<td>8 l\u00edneas de pi\u00e9 de p\u00e1gina.<\/td>\n<td><\/td>\n<\/tr>\n<tr>\n<td>50 km de vida del cabezal.<\/td>\n<td><\/td>\n<\/tr>\n<tr>\n<td>Tres (3) tasas de impuesto, m\u00e1s exento, m\u00e1s percibido, m\u00e1s IGTF.<\/td>\n<td><\/td>\n<\/tr>\n<tr>\n<td>Transmisi\u00f3n de datos integrado via WIFI<\/td>\n<td><\/td>\n<\/tr>\n<tr>\n<td>Compatible con la APP Movil HKA POS que permite realizar facturas, notas de credito, notas de debito y<br \/>\ndiferentes reportes con total facilidad<\/td>\n<\/tr>\n<\/tbody>\n<\/table>\n<\/td>\n<\/tr>\n<\/tbody>\n<\/table>\n<p>&nbsp;<\/p>\n","protected":false},"excerpt":{"rendered":"<p>Impresora fiscal <strong>Aclas PP9 Plus<\/strong> con dispositivo integrado de captura y transmisi\u00f3n de datos.<\/p>\n","protected":false},"featured_media":145,"comment_status":"open","ping_status":"closed","template":"","meta":[],"product_brand":[],"product_cat":[25,24],"product_tag":[],"class_list":{"0":"post-144","1":"product","2":"type-product","3":"status-publish","4":"has-post-thumbnail","6":"product_cat-fiscales","7":"product_cat-impresoras","9":"first","10":"onbackorder","11":"taxable","12":"shipping-taxable","13":"purchasable","14":"product-type-simple"},"_links":{"self":[{"href":"https:\/\/innovopq.com\/tienda\/wp-json\/wp\/v2\/product\/144","targetHints":{"allow":["GET"]}}],"collection":[{"href":"https:\/\/innovopq.com\/tienda\/wp-json\/wp\/v2\/product"}],"about":[{"href":"https:\/\/innovopq.com\/tienda\/wp-json\/wp\/v2\/types\/product"}],"replies":[{"embeddable":true,"href":"https:\/\/innovopq.com\/tienda\/wp-json\/wp\/v2\/comments?post=144"}],"wp:featuredmedia":[{"embeddable":true,"href":"https:\/\/innovopq.com\/tienda\/wp-json\/wp\/v2\/media\/145"}],"wp:attachment":[{"href":"https:\/\/innovopq.com\/tienda\/wp-json\/wp\/v2\/media?parent=144"}],"wp:term":[{"taxonomy":"product_brand","embeddable":true,"href":"https:\/\/innovopq.com\/tienda\/wp-json\/wp\/v2\/product_brand?post=144"},{"taxonomy":"product_cat","embeddable":true,"href":"https:\/\/innovopq.com\/tienda\/wp-json\/wp\/v2\/product_cat?post=144"},{"taxonomy":"product_tag","embeddable":true,"href":"https:\/\/innovopq.com\/tienda\/wp-json\/wp\/v2\/product_tag?post=144"}],"curies":[{"name":"wp","href":"https:\/\/api.w.org\/{rel}","templated":true}]}}