{"id":209,"date":"2024-02-26T20:40:00","date_gmt":"2024-02-26T20:40:00","guid":{"rendered":"https:\/\/innovopq.com\/tienda\/?post_type=product&#038;p=209"},"modified":"2024-02-26T20:40:58","modified_gmt":"2024-02-26T20:40:58","slug":"monitor-msi-pro-mp241x","status":"publish","type":"product","link":"https:\/\/innovopq.com\/tienda\/producto\/monitor-msi-pro-mp241x\/","title":{"rendered":"MONITOR <br> MSI PRO MP241X"},"content":{"rendered":"<p>Experimente una claridad de pantalla impresionante con resoluci\u00f3n Full HD (1920&#215;1080) junto a una pantalla anti-reflejo que har\u00e1 que el ver la pantalla sea m\u00e1s agradable, reduce la fatiga visual al visualizar tus aplicaciones, hojas de c\u00e1lculo y m\u00e1s con una perfecta pantalla de 23,8 pulgadas, brind\u00e1ndote la herramienta m\u00e1s conveniente, el color y el modo de visualizaci\u00f3n adecuados al trabajar con ella todos los d\u00edas.<\/p>\n<p><strong>Especificaciones T\u00e9cnicas<\/strong><\/p>\n<ul id=\"itembox\" class=\"itembox text-left hidden-xs\"><\/ul>\n<div id=\"pdbox\" class=\"pdbox\">\n<div id=\"pdtbbox\" class=\"pdtbbox\">\n<div id=\"pdtb\" class=\"pdtb\">\n<div class=\"tr\" data-num=\"26\">\n<div class=\"td\">\n<table width=\"678\">\n<tbody>\n<tr>\n<td width=\"260\">PANEL RESOLUTION<\/td>\n<td width=\"418\">1920 x 1080 (FHD)<\/td>\n<\/tr>\n<tr>\n<td width=\"260\">ACTIVE DISPLAY AREA (MM)<\/td>\n<td width=\"418\">534.04(H) x 307.76(V)<\/td>\n<\/tr>\n<tr>\n<td width=\"260\">CERTIFICATES<\/td>\n<td width=\"418\">CB\/CE<\/td>\n<\/tr>\n<tr>\n<td width=\"260\">COMPATIBILIDAD<\/td>\n<td width=\"418\">PC, Mac, PS5\u2122, PS4\u2122, Xbox, Mobile, Notebook<\/td>\n<\/tr>\n<tr>\n<td width=\"260\">PANEL SIZE<\/td>\n<td width=\"418\">* All trademarks and the registered trademarks are the property of their respective owners.<\/td>\n<\/tr>\n<tr>\n<td width=\"260\">REFRESH RATE<\/td>\n<td width=\"418\">23.8&#8243;<\/td>\n<\/tr>\n<tr>\n<td width=\"260\">RESPONSE TIME<\/td>\n<td width=\"418\">75Hz<\/td>\n<\/tr>\n<tr>\n<td width=\"260\">PANEL TYPE<\/td>\n<td width=\"418\">4ms (GTG)<\/td>\n<\/tr>\n<tr>\n<td width=\"260\">BRIGHTNESS (NITS)<\/td>\n<td width=\"418\">VA<\/td>\n<\/tr>\n<tr>\n<td width=\"260\">VIEWING ANGLE<\/td>\n<td width=\"418\">250 cd\/m2<\/td>\n<\/tr>\n<tr>\n<td width=\"260\">ASPECT RATIO<\/td>\n<td width=\"418\">178\u00b0(H) \/ 178\u00b0(V)<\/td>\n<\/tr>\n<tr>\n<td width=\"260\">CONTRAST RATIO<\/td>\n<td width=\"418\">16:09<\/td>\n<\/tr>\n<tr>\n<td width=\"260\">SRGB<\/td>\n<td width=\"418\">3000:01:00<\/td>\n<\/tr>\n<tr>\n<td width=\"260\">PIXEL PITCH (H X V)<\/td>\n<td width=\"418\">105% (CIE 1976)<\/td>\n<\/tr>\n<tr>\n<td width=\"260\">SURFACE TREATMENT<\/td>\n<td width=\"418\">0.2745(H) x 0.2745(V)<\/td>\n<\/tr>\n<tr>\n<td width=\"260\">DISPLAY COLORS<\/td>\n<td width=\"418\">Anti-glare<\/td>\n<\/tr>\n<tr>\n<td width=\"260\">COLOR BIT<\/td>\n<td width=\"418\">16.7M<\/td>\n<\/tr>\n<tr>\n<td width=\"260\">VIDEO PORTS<\/td>\n<td width=\"418\">8 bits<\/td>\n<\/tr>\n<tr>\n<td width=\"260\">KENSINGTON LOCK<\/td>\n<td width=\"418\">1x HDMI\u2122 (1.4b)<\/td>\n<\/tr>\n<tr>\n<td width=\"260\">VESA MOUNTING<\/td>\n<td width=\"418\">1x D-Sub (VGA)<\/td>\n<\/tr>\n<tr>\n<td width=\"260\">POWER TYPE<\/td>\n<td width=\"418\">Yes<\/td>\n<\/tr>\n<tr>\n<td width=\"260\">POWER INPUT<\/td>\n<td width=\"418\">75 x 75 mm<\/td>\n<\/tr>\n<tr>\n<td width=\"260\">ADJUSTMENT (TILT)<\/td>\n<td width=\"418\">External Adaptor (12V 2.5A)<\/td>\n<\/tr>\n<tr>\n<td width=\"260\">DIMENSION (W X H X D)<\/td>\n<td width=\"418\">100~240V, 50~60Hz<\/td>\n<\/tr>\n<tr>\n<td width=\"260\">CARTON DIMENSION (W X H X D)<\/td>\n<td width=\"418\">-5\u00b0 ~ 15\u00b0<\/td>\n<\/tr>\n<tr>\n<td width=\"260\">WEIGHT (NW \/ GW)<\/td>\n<td width=\"418\">541.79 x 416.61 x 180.8 mm<\/td>\n<\/tr>\n<tr>\n<td width=\"260\">NOTE<\/td>\n<td width=\"418\">(21.33 x 16.4 x 7.12 inch)<\/td>\n<\/tr>\n<tr>\n<td><\/td>\n<td width=\"418\">616 x 409 x 125 mm<\/td>\n<\/tr>\n<tr>\n<td><\/td>\n<td width=\"418\">(24.25 x 16.10 x 4.92 inch)<\/td>\n<\/tr>\n<tr>\n<td><\/td>\n<td width=\"418\">2.85 kg ( 6.28 lbs) \/ 4.27 kg (9.41 lbs)<\/td>\n<\/tr>\n<tr>\n<td><\/td>\n<td width=\"418\">HDMI\u2122: 1920 x 1080 (Up to 75Hz)<\/td>\n<\/tr>\n<tr>\n<td><\/td>\n<td width=\"418\">D-Sub: 1920 x 1080 (Up to 60Hz)<\/td>\n<\/tr>\n<\/tbody>\n<\/table>\n<\/div>\n<\/div>\n<\/div>\n<\/div>\n<\/div>\n","protected":false},"excerpt":{"rendered":"<p>MONITOR PRO MP241X\u00a0 24&#8242; MSI Ful HD (1920\u00d71080) VGA\/HDMI<\/p>\n","protected":false},"featured_media":210,"comment_status":"open","ping_status":"closed","template":"","meta":[],"product_brand":[],"product_cat":[33],"product_tag":[],"class_list":{"0":"post-209","1":"product","2":"type-product","3":"status-publish","4":"has-post-thumbnail","6":"product_cat-monitores","8":"first","9":"instock","10":"sale","11":"taxable","12":"shipping-taxable","13":"purchasable","14":"product-type-simple"},"_links":{"self":[{"href":"https:\/\/innovopq.com\/tienda\/wp-json\/wp\/v2\/product\/209","targetHints":{"allow":["GET"]}}],"collection":[{"href":"https:\/\/innovopq.com\/tienda\/wp-json\/wp\/v2\/product"}],"about":[{"href":"https:\/\/innovopq.com\/tienda\/wp-json\/wp\/v2\/types\/product"}],"replies":[{"embeddable":true,"href":"https:\/\/innovopq.com\/tienda\/wp-json\/wp\/v2\/comments?post=209"}],"wp:featuredmedia":[{"embeddable":true,"href":"https:\/\/innovopq.com\/tienda\/wp-json\/wp\/v2\/media\/210"}],"wp:attachment":[{"href":"https:\/\/innovopq.com\/tienda\/wp-json\/wp\/v2\/media?parent=209"}],"wp:term":[{"taxonomy":"product_brand","embeddable":true,"href":"https:\/\/innovopq.com\/tienda\/wp-json\/wp\/v2\/product_brand?post=209"},{"taxonomy":"product_cat","embeddable":true,"href":"https:\/\/innovopq.com\/tienda\/wp-json\/wp\/v2\/product_cat?post=209"},{"taxonomy":"product_tag","embeddable":true,"href":"https:\/\/innovopq.com\/tienda\/wp-json\/wp\/v2\/product_tag?post=209"}],"curies":[{"name":"wp","href":"https:\/\/api.w.org\/{rel}","templated":true}]}}