{"id":306,"date":"2024-03-15T16:50:12","date_gmt":"2024-03-15T16:50:12","guid":{"rendered":"https:\/\/innovopq.com\/tienda\/?post_type=product&#038;p=306"},"modified":"2024-03-18T18:23:00","modified_gmt":"2024-03-18T18:23:00","slug":"pc-industrial-3nstar","status":"publish","type":"product","link":"https:\/\/innovopq.com\/tienda\/producto\/pc-industrial-3nstar\/","title":{"rendered":"PC industrial <br> 3nStar"},"content":{"rendered":"<p>El PC industrial 3nStar es una potente computadora sin ventilador dise\u00f1ada para ofrecer una amplia capacidad de puertos, una alta flexibilidad y una facilidad excepcional de expansi\u00f3n. Entre las destacadas caracter\u00edsticas de esta robusta PC se encuentran la unidad de Disco Duro en estado S\u00f3lido (SSD), la compatibilidad con montaje VESA, la conectividad Wi-Fi y Bluetooth integrada, as\u00ed como la disponibilidad de 2 puertos de Red, 6 puertos USB y 2 puertos RS232.<\/p>\n<p><strong>Caracter\u00edsticas<\/strong><\/p>\n<p>Construcci\u00f3n en grado industrial y sin ventilador.<\/p>\n<p>Procesador Intel Core i5.<\/p>\n<p>8GB expandible a 32 GB RAM.<\/p>\n<p>SSD de 500GB expandible a 1 TB.<\/p>\n<p>Conectividad de doble banda Wi-Fi 802.11ac, a\/b\/g\/n: la m\u00e1s r\u00e1pida conectividad sin cables.<\/p>\n<p>Conectividad a gran cantidad de perif\u00e9ricos: 2 puertos Ethernet, 6 puertos USB y 2 puertos RS232.<\/p>\n<p>Bluetooth 4.0: F\u00e1cil de asociar con dispositivos.<\/p>\n<p>Permite conectar 2 monitores simult\u00e1neamente a trav\u00e9s del puerto VGA y HDMI.<\/p>\n<p>Soporta la mayor\u00eda de las versiones de Windows y Linux.<\/p>\n<p>Incluye el montaje Vesa.<\/p>\n","protected":false},"excerpt":{"rendered":"<p>PC industrial 3nStar<\/p>\n","protected":false},"featured_media":347,"comment_status":"open","ping_status":"closed","template":"","meta":[],"product_brand":[],"product_cat":[35,46],"product_tag":[],"class_list":{"0":"post-306","1":"product","2":"type-product","3":"status-publish","4":"has-post-thumbnail","6":"product_cat-equipos-pos","7":"product_cat-pc-industrial","9":"first","10":"instock","11":"sale","12":"taxable","13":"shipping-taxable","14":"purchasable","15":"product-type-simple"},"_links":{"self":[{"href":"https:\/\/innovopq.com\/tienda\/wp-json\/wp\/v2\/product\/306","targetHints":{"allow":["GET"]}}],"collection":[{"href":"https:\/\/innovopq.com\/tienda\/wp-json\/wp\/v2\/product"}],"about":[{"href":"https:\/\/innovopq.com\/tienda\/wp-json\/wp\/v2\/types\/product"}],"replies":[{"embeddable":true,"href":"https:\/\/innovopq.com\/tienda\/wp-json\/wp\/v2\/comments?post=306"}],"wp:featuredmedia":[{"embeddable":true,"href":"https:\/\/innovopq.com\/tienda\/wp-json\/wp\/v2\/media\/347"}],"wp:attachment":[{"href":"https:\/\/innovopq.com\/tienda\/wp-json\/wp\/v2\/media?parent=306"}],"wp:term":[{"taxonomy":"product_brand","embeddable":true,"href":"https:\/\/innovopq.com\/tienda\/wp-json\/wp\/v2\/product_brand?post=306"},{"taxonomy":"product_cat","embeddable":true,"href":"https:\/\/innovopq.com\/tienda\/wp-json\/wp\/v2\/product_cat?post=306"},{"taxonomy":"product_tag","embeddable":true,"href":"https:\/\/innovopq.com\/tienda\/wp-json\/wp\/v2\/product_tag?post=306"}],"curies":[{"name":"wp","href":"https:\/\/api.w.org\/{rel}","templated":true}]}}