{"id":317,"date":"2024-03-15T17:46:53","date_gmt":"2024-03-15T17:46:53","guid":{"rendered":"https:\/\/innovopq.com\/tienda\/?post_type=product&#038;p=317"},"modified":"2024-03-15T17:50:10","modified_gmt":"2024-03-15T17:50:10","slug":"lector-de-codigos-de-barra-3nstar-sc402","status":"publish","type":"product","link":"https:\/\/innovopq.com\/tienda\/producto\/lector-de-codigos-de-barra-3nstar-sc402\/","title":{"rendered":"Lector de c\u00f3digos de barra 3nStar SC402"},"content":{"rendered":"<p>Recopilaci\u00f3n Confiable de Datos: Ofrece lectura omnidireccional de pr\u00e1cticamente todos los c\u00f3digos de barras lineales y los c\u00f3digos 2D m\u00e1s utilizados, incluyendo c\u00f3digos de barras m\u00f3viles o de baja calidad.<\/p>\n<p>Lectura de tel\u00e9fonos m\u00f3viles: escanea cupones, boletos para m\u00f3viles y carteras digitales desde las pantallas de dispositivos m\u00f3viles.<\/p>\n<p>Incluye Base para lecturas con manos libres.<\/p>\n","protected":false},"excerpt":{"rendered":"<p>3nStar SC402<\/p>\n","protected":false},"featured_media":320,"comment_status":"open","ping_status":"closed","template":"","meta":[],"product_brand":[],"product_cat":[35,38],"product_tag":[],"class_list":{"0":"post-317","1":"product","2":"type-product","3":"status-publish","4":"has-post-thumbnail","6":"product_cat-equipos-pos","7":"product_cat-lectores-de-codigo","9":"first","10":"instock","11":"sale","12":"taxable","13":"shipping-taxable","14":"purchasable","15":"product-type-simple"},"_links":{"self":[{"href":"https:\/\/innovopq.com\/tienda\/wp-json\/wp\/v2\/product\/317","targetHints":{"allow":["GET"]}}],"collection":[{"href":"https:\/\/innovopq.com\/tienda\/wp-json\/wp\/v2\/product"}],"about":[{"href":"https:\/\/innovopq.com\/tienda\/wp-json\/wp\/v2\/types\/product"}],"replies":[{"embeddable":true,"href":"https:\/\/innovopq.com\/tienda\/wp-json\/wp\/v2\/comments?post=317"}],"wp:featuredmedia":[{"embeddable":true,"href":"https:\/\/innovopq.com\/tienda\/wp-json\/wp\/v2\/media\/320"}],"wp:attachment":[{"href":"https:\/\/innovopq.com\/tienda\/wp-json\/wp\/v2\/media?parent=317"}],"wp:term":[{"taxonomy":"product_brand","embeddable":true,"href":"https:\/\/innovopq.com\/tienda\/wp-json\/wp\/v2\/product_brand?post=317"},{"taxonomy":"product_cat","embeddable":true,"href":"https:\/\/innovopq.com\/tienda\/wp-json\/wp\/v2\/product_cat?post=317"},{"taxonomy":"product_tag","embeddable":true,"href":"https:\/\/innovopq.com\/tienda\/wp-json\/wp\/v2\/product_tag?post=317"}],"curies":[{"name":"wp","href":"https:\/\/api.w.org\/{rel}","templated":true}]}}