{"id":343,"date":"2024-03-18T17:16:28","date_gmt":"2024-03-18T17:16:28","guid":{"rendered":"https:\/\/innovopq.com\/tienda\/?post_type=product&#038;p=343"},"modified":"2024-03-19T19:25:57","modified_gmt":"2024-03-19T19:25:57","slug":"monitor-tactil-3nstar-tcm008-15","status":"publish","type":"product","link":"https:\/\/innovopq.com\/tienda\/producto\/monitor-tactil-3nstar-tcm008-15\/","title":{"rendered":"Monitor t\u00e1ctil 3nStar <br> TCM008 15&#8243;"},"content":{"rendered":"<p>El monitor 3nStar TCM008 es una soluci\u00f3n econ\u00f3mica de pantalla t\u00e1ctil sin bisel. Construida con base de metal el cual brinda firmeza y estabilidad, haciendo que el TCM008 sea el monitor ideal para aplicaciones comerciales tales como:<\/p>\n<ul>\n<li>Punto de Venta (POS).<\/li>\n<li>Restaurantes.<\/li>\n<li>Aplicaciones de hospitalidad.<\/li>\n<\/ul>\n<p>La elegancia de su pantalla completamente plana sin presencia de marco o bisel brinda un dise\u00f1o moderno que puede resaltar cualquier ambiente. Puede ser instalados en un poste o pared y los controles han sido ubicados de dif\u00edcil acceso al p\u00fablico.<\/p>\n<p><strong>Caracter\u00edsticas:<\/strong><\/p>\n<ul>\n<li>Utiliza tecnolog\u00eda capacitiva lo que garantiza una prolongada vida \u00fatil, mejor calidad de imagen, sensibilidad al toque dando una mejor experiencia para el usuario.<\/li>\n<li>\u00abBezel Free\u00bb pantalla sin bisel o marco, lo que permite su f\u00e1cil integraci\u00f3n en diversas soluciones, a la vez que le otorga mayor elegancia al monitor.<\/li>\n<li>La resoluci\u00f3n HD 1024\u00d7768 y brillo de 400cd\/m2 generan im\u00e1genes mucho m\u00e1s n\u00edtidas.<\/li>\n<li>Base met\u00e1lica garantiza mayor firmeza y durabilidad.<\/li>\n<li>Puede montarse en la pared o en un poste porque es compatible con el montaje VESA.<\/li>\n<\/ul>\n","protected":false},"excerpt":{"rendered":"<p>3nStar TCM008<\/p>\n","protected":false},"featured_media":346,"comment_status":"open","ping_status":"closed","template":"","meta":[],"product_brand":[],"product_cat":[33,34],"product_tag":[],"class_list":{"0":"post-343","1":"product","2":"type-product","3":"status-publish","4":"has-post-thumbnail","6":"product_cat-monitores","7":"product_cat-tactiles","9":"first","10":"instock","11":"sale","12":"taxable","13":"shipping-taxable","14":"purchasable","15":"product-type-simple"},"_links":{"self":[{"href":"https:\/\/innovopq.com\/tienda\/wp-json\/wp\/v2\/product\/343","targetHints":{"allow":["GET"]}}],"collection":[{"href":"https:\/\/innovopq.com\/tienda\/wp-json\/wp\/v2\/product"}],"about":[{"href":"https:\/\/innovopq.com\/tienda\/wp-json\/wp\/v2\/types\/product"}],"replies":[{"embeddable":true,"href":"https:\/\/innovopq.com\/tienda\/wp-json\/wp\/v2\/comments?post=343"}],"wp:featuredmedia":[{"embeddable":true,"href":"https:\/\/innovopq.com\/tienda\/wp-json\/wp\/v2\/media\/346"}],"wp:attachment":[{"href":"https:\/\/innovopq.com\/tienda\/wp-json\/wp\/v2\/media?parent=343"}],"wp:term":[{"taxonomy":"product_brand","embeddable":true,"href":"https:\/\/innovopq.com\/tienda\/wp-json\/wp\/v2\/product_brand?post=343"},{"taxonomy":"product_cat","embeddable":true,"href":"https:\/\/innovopq.com\/tienda\/wp-json\/wp\/v2\/product_cat?post=343"},{"taxonomy":"product_tag","embeddable":true,"href":"https:\/\/innovopq.com\/tienda\/wp-json\/wp\/v2\/product_tag?post=343"}],"curies":[{"name":"wp","href":"https:\/\/api.w.org\/{rel}","templated":true}]}}