{"id":354,"date":"2024-03-19T16:51:54","date_gmt":"2024-03-19T16:51:54","guid":{"rendered":"https:\/\/innovopq.com\/tienda\/?post_type=product&#038;p=354"},"modified":"2024-03-19T16:53:05","modified_gmt":"2024-03-19T16:53:05","slug":"base-stand-para-tablets","status":"publish","type":"product","link":"https:\/\/innovopq.com\/tienda\/producto\/base-stand-para-tablets\/","title":{"rendered":"Base (stand) <br> para tablets"},"content":{"rendered":"<p>Soporte met\u00e1lico de m\u00faltiples \u00e1ngulos para tablets de 4&#8243; a 14&#8243;.<\/p>\n<p><strong>Lugares de montaje:<\/strong> mesa, escritorio o mostrador.<\/p>\n","protected":false},"excerpt":{"rendered":"<p>Stand met\u00e1lico para tablets<\/p>\n","protected":false},"featured_media":355,"comment_status":"open","ping_status":"closed","template":"","meta":[],"product_brand":[],"product_cat":[27],"product_tag":[],"class_list":{"0":"post-354","1":"product","2":"type-product","3":"status-publish","4":"has-post-thumbnail","6":"product_cat-accesorios","8":"first","9":"instock","10":"sale","11":"taxable","12":"shipping-taxable","13":"purchasable","14":"product-type-simple"},"_links":{"self":[{"href":"https:\/\/innovopq.com\/tienda\/wp-json\/wp\/v2\/product\/354","targetHints":{"allow":["GET"]}}],"collection":[{"href":"https:\/\/innovopq.com\/tienda\/wp-json\/wp\/v2\/product"}],"about":[{"href":"https:\/\/innovopq.com\/tienda\/wp-json\/wp\/v2\/types\/product"}],"replies":[{"embeddable":true,"href":"https:\/\/innovopq.com\/tienda\/wp-json\/wp\/v2\/comments?post=354"}],"wp:featuredmedia":[{"embeddable":true,"href":"https:\/\/innovopq.com\/tienda\/wp-json\/wp\/v2\/media\/355"}],"wp:attachment":[{"href":"https:\/\/innovopq.com\/tienda\/wp-json\/wp\/v2\/media?parent=354"}],"wp:term":[{"taxonomy":"product_brand","embeddable":true,"href":"https:\/\/innovopq.com\/tienda\/wp-json\/wp\/v2\/product_brand?post=354"},{"taxonomy":"product_cat","embeddable":true,"href":"https:\/\/innovopq.com\/tienda\/wp-json\/wp\/v2\/product_cat?post=354"},{"taxonomy":"product_tag","embeddable":true,"href":"https:\/\/innovopq.com\/tienda\/wp-json\/wp\/v2\/product_tag?post=354"}],"curies":[{"name":"wp","href":"https:\/\/api.w.org\/{rel}","templated":true}]}}