{"id":365,"date":"2024-03-19T18:03:27","date_gmt":"2024-03-19T18:03:27","guid":{"rendered":"https:\/\/innovopq.com\/tienda\/?post_type=product&#038;p=365"},"modified":"2024-03-19T18:03:45","modified_gmt":"2024-03-19T18:03:45","slug":"lector-de-codigos-de-barra-advanced-si-410-1d-2d","status":"publish","type":"product","link":"https:\/\/innovopq.com\/tienda\/producto\/lector-de-codigos-de-barra-advanced-si-410-1d-2d\/","title":{"rendered":"Lector de c\u00f3digos de barra Advanced SI-410"},"content":{"rendered":"<p>ESPECIFICACIONES<\/p>\n<p><strong>Velocidad de Lectura:<\/strong> 200 scan x seg.<\/p>\n<p><strong>Interface:<\/strong> USB.<\/p>\n<p><strong>Dimensiones:<\/strong> 71.5mmx108mmx150mm.<\/p>\n<p><strong>Material:<\/strong> ABS.<\/p>\n<p><strong>Interface:<\/strong> USB \u2013 Plug and Play.<\/p>\n<p><strong>Codigo de Barras:<\/strong> 1D compatible: UPC-A, UPC-E, EAN-8, EAN-13, ISBN \/ ISSN, C\u00f3digo 128, GS1-128, GS1 DataBar, C\u00f3digo 39, C\u00f3digo 93, Intercalado 2 de 5, Industrial 2 de 5, Matriz 2 de 5, IATA 2 de 5, Codabar. Tipo de c\u00f3digo de barras 2D compatible: Datama Matrix, PDF417, QR Code.<\/p>\n<p><strong>Color:<\/strong> Negro.<\/p>\n<p><strong>Tipo de lector:<\/strong> 2D CMOS cableado.<\/p>\n","protected":false},"excerpt":{"rendered":"<p>Lector Advanced 1D\/2D SI-410<\/p>\n","protected":false},"featured_media":366,"comment_status":"open","ping_status":"closed","template":"","meta":[],"product_brand":[],"product_cat":[35,38],"product_tag":[],"class_list":{"0":"post-365","1":"product","2":"type-product","3":"status-publish","4":"has-post-thumbnail","6":"product_cat-equipos-pos","7":"product_cat-lectores-de-codigo","9":"first","10":"instock","11":"sale","12":"taxable","13":"shipping-taxable","14":"purchasable","15":"product-type-simple"},"_links":{"self":[{"href":"https:\/\/innovopq.com\/tienda\/wp-json\/wp\/v2\/product\/365","targetHints":{"allow":["GET"]}}],"collection":[{"href":"https:\/\/innovopq.com\/tienda\/wp-json\/wp\/v2\/product"}],"about":[{"href":"https:\/\/innovopq.com\/tienda\/wp-json\/wp\/v2\/types\/product"}],"replies":[{"embeddable":true,"href":"https:\/\/innovopq.com\/tienda\/wp-json\/wp\/v2\/comments?post=365"}],"wp:featuredmedia":[{"embeddable":true,"href":"https:\/\/innovopq.com\/tienda\/wp-json\/wp\/v2\/media\/366"}],"wp:attachment":[{"href":"https:\/\/innovopq.com\/tienda\/wp-json\/wp\/v2\/media?parent=365"}],"wp:term":[{"taxonomy":"product_brand","embeddable":true,"href":"https:\/\/innovopq.com\/tienda\/wp-json\/wp\/v2\/product_brand?post=365"},{"taxonomy":"product_cat","embeddable":true,"href":"https:\/\/innovopq.com\/tienda\/wp-json\/wp\/v2\/product_cat?post=365"},{"taxonomy":"product_tag","embeddable":true,"href":"https:\/\/innovopq.com\/tienda\/wp-json\/wp\/v2\/product_tag?post=365"}],"curies":[{"name":"wp","href":"https:\/\/api.w.org\/{rel}","templated":true}]}}